s) = c*s - 4*s + 17*s. Calculate m(z).
15
Let q(v) be the third derivative of -5*v**4/8 + 12*v**3 - 43*v**2 + 9*v. Give q(5).
-3
Let d(l) = -323 + 3*l + 154 - l**2 + 165. Calculate d(-4).
-32
Let i = -4932 - -4932. Let x(q) be the third derivative of i + 0*q**4 + 0*q - 16*q**2 - 1/6*q**3 + 1/60*q**5. Determine x(0).
-1
Let i(t) = 297*t**2 - 265*t - 1463. Let c(s) = 35*s**2 - 33*s - 183. Let n(r) = -17*c(r) + 2*i(r). Calculate n(36).
5
Let i(d) = -4*d - 18. Let h be ((-2)/(-1))/((-23)/1449*14). Give i(h).
18
Suppose 4*j + 4*j = 96. Let w(n) = 2*n - 29. Determine w(j).
-5
Let i(g) = -11. Let s(y) = -y + 54. Let q(w) = -11*i(w) - 2*s(w). Suppose 256 = -8*j - 24*j. Determine q(j).
-3
Let l(k) = -k**3 - 20*k**2 + 23. Let u be l(-20). Let v = -18 + u. Let r(y) = -6*y**2 + 3*y + 33*y**3 - y + y - 18*y**3 - 14*y**3. Give r(v).
-10
Let h(c) be the second derivative of -c**5/30 + c**4/24 + 13*c**3/3 + 23*c. Let y(u) be the second derivative of h(u). Let v be 6 - -3*4/(-3). Determine y(v).
-7
Let c(o) = 20*o**2 - 3*o - 24. Let g(x) = 7*x**2 - x - 10. Let h(w) = -c(w) + 3*g(w). Let s(a) = -a**2 - 5*a - 4. Let j be s(-4). Determine h(j).
-6
Let h(w) be the first derivative of -w**4/12 + w**3/3 - 4*w**2 + 4. Let j(y) be the second derivative of h(y). Suppose 4*f - 6 - 22 = 0. Calculate j(f).
-12
Let s = 407 + -404. Let t(c) = 21*c + 3 - 16*c - c**3 + c**2 - 4*c. Give t(s).
-12
Let k = 112 + 191. Let q(y) = k*y - 1 + 0 + 296*y - 606*y. Calculate q(-1).
6
Let v(y) = -y**3 - 10*y**2 - 18*y - 12. Let m be v(-8). Suppose 0 = -2*t - 0*t + m. Suppose t*r + r - 4*r = 0. Let b(g) = g + 15. Calculate b(r).
15
Let w(l) = 63*l - 447. Let j be w(7). Let c(y) = -2*y**2 - 11*y + 10. Give c(j).
4
Let w(r) = -3*r**2 - 228*r - 3470. Let a be w(-21). Let y(o) = 3*o + 13. Let n(d) = -7*d - 27. Let x(z) = -2*n(z) - 5*y(z). Calculate x(a).
-6
Let n(u) = -93*u + 2. Let w be n(-1). Suppose -7*m + 2*m = -w. Suppose -10*x - m = -99. Let b(l) = l**3 - 7*l**2 - 6*l - 9. What is b(x)?
7
Let y be 4 - 4/(5 - 4) - -1. Let c(v) = -v**2 - v - 1. Let d(j) = -j**3 - 4*j**2. Let z(u) = y*c(u) + d(u). What is z(-2)?
-11
Suppose 0 = -6*w + 56 - 14. Let j(r) = -7*r**2 + 6 - 7*r**3 + 17*r**3 - 2*r**3 - w*r**3. Calculate j(7).
6
Suppose 258*p - g = 260*p - 5, p + 1 = 3*g. Let z(d) = -d - 5. Calculate z(p).
-7
Suppose -10*a + 31*a = 2373. Let x(s) = -1 - a*s**2 + s + s**3 - 1 + 109*s**2. Calculate x(3).
-8
Let s be 1968/(-410)*1*(-5)/3. Let u(t) = -t**3 + 9*t**2 - 5*t - 19. Give u(s).
5
Let c(n) = 30*n - 1270. Let d(b) = 10*b - 446. Let h(v) = 6*c(v) - 17*d(v). Give h(5).
12
Let c be ((-1736)/155 - 8) + (-8)/10. Let d(u) = 19*u + 378. Determine d(c).
-2
Let a(d) = d**3 - 8*d**2 - 3*d - 7. Let w(z) = -z**3 - 5*z**2 - 18*z - 91. Let i be w(-7). Suppose -i + 37 = -12*n. Calculate a(n).
-31
Suppose -58*g = -68*g - 30. Let w(f) = 5*f + 14. Give w(g).
-1
Let i(l) = -l**3 - 9*l**2 - 9*l + 10. Let m = -198 - -194. Let v be -13 - 20/(0 + m). Determine i(v).
18
Let z(t) = -7*t + 5. Let r = 3500 + -3492. Calculate z(r).
-51
Let v(k) = 3*k + 2. Let c be (-11)/3 - -3 - (-959)/21. Let p be 10/(-45) + (-80)/c. Calculate v(p).
-4
Let c(n) = 3*n + 4. Suppose 528 = 9*k - 3*k. Let g = -127 + k. Let y = g - -33. Determine c(y).
-14
Let c(d) = 8*d**2 - 10*d + 8. Let y(p) = -23*p**2 + 29*p - 23. Let m(h) = 17*c(h) + 6*y(h). Let t = -1890 + 1894. Give m(t).
-18
Let u(f) = f. Let g = -147 - -158. Suppose -13 = g*w - 13. Determine u(w).
0
Let x(c) be the second derivative of 4*c**3/3 + 375*c**2/2 + 1101*c. Calculate x(-46).
7
Let s(r) = -r**3 - r**2 - 4*r - 6. Let n(j) = -2*j**2 - 30*j - 114. Let a be n(-7). Calculate s(a).
6
Let u = -54 + 7. Let c = u - -49. Let i(x) = 2*x**2 - x**c - 11*x + 2*x - 4. Give i(9).
-4
Suppose -6669*z = -6691*z + 132. Let v(p) be the second derivative of p**3/6 + 3*p**2/2 - p. What is v(z)?
9
Let u(f) = -2*f - f**2 + 0*f**2 + 1 + 0*f**2. Let q be u(1). Let a(s) = 2*s - 1 + 8*s - 25*s + 6*s + 5*s. Determine a(q).
7
Let u = -21 + 46. Let h(f) = 27*f - 53*f + 3 + u*f. Suppose -8*v - 3*v + 44 = 0. Calculate h(v).
-1
Let x(m) = -m**2 + 14*m - 1. Let u(a) = -a**2 - 27*a + 22. Let z be u(-25). Suppose -6 + 0 = -3*c, -5*k + z = c. What is x(k)?
-1
Let m(v) = -4*v - 1. Let x = -343 + 348. Let t(n) = 4*n + 3. Let f(h) = x*m(h) + 4*t(h). Calculate f(3).
-5
Suppose 479*n - h = 475*n + 17, 4*n = -3*h - 3. Let v(a) = 7*a**2 - 7. Give v(n).
56
Let d = 130 + -83. Suppose -i + 5*n = -15, -d = -5*i + n - 20. Let j(g) = g**3 - 4*g**2 - 6*g + 4. Determine j(i).
-1
Let d(y) = -y**3 - y**2 + 7. Let z = -46 + 46. Let w be d(z). Let m(o) = o + 2. Let t(j) = 1. Let l(s) = m(s) - 5*t(s). What is l(w)?
4
Let t = -258 - -457. Let r = t + -202. Let d(w) = -w**2 - 3*w. Determine d(r).
0
Suppose 5 = 5*d + 4*h, 0 = -0*d - 4*d - 4*h + 4. Let l = -94 + 96. Let z(q) = 3 + 0 - 16749*q**l - 2 + 3*q**3 + 16747*q**2. What is z(d)?
2
Let i(k) be the second derivative of -62*k + 1/2*k**3 + 0 + k**2. Determine i(4).
14
Suppose 5*f - 31 + 1 = -i, 3*i = 3*f. Let s(g) = g - 205 - 268 - g**3 + 476 + 4*g**2 + g. What is s(f)?
-12
Let l = 32 - -30. Let i = 2284 - 2224. Let v = l - i. Let q(z) = 5*z**2 - 2*z + 3. Determine q(v).
19
Let p(f) = f - 6. Let o = -8 - -32. Let g = -20 + o. Suppose 4 = -g*l + 28. What is p(l)?
0
Let i(g) = 2*g**2 + 3*g - 3. Suppose 8*m - 6*m + 4*p = 46, -m = p - 18. Suppose -3*s - t + 24 - m = 0, 3*t - 17 = -s. Determine i(s).
11
Let w(b) = -4*b**2 - 50*b - 42. Let x(y) = y**2 + 27*y. Let c(l) = -w(l) - x(l). Determine c(-4).
-2
Suppose j = 2*j + 4*t - 28, -j - 5*t = -30. Let c(m) = m + 6 - j - 3 + 6. Calculate c(6).
-5
Let d be (-270)/40 + -5*(-1)/(-20). Let i(w) = -7*w - 48. Calculate i(d).
1
Let u(p) = -p**2 + 110. Let i be u(12). Let n = i + 36. Let r(a) = -3*a**2 + a + 1. Calculate r(n).
-9
Let d(w) = 3*w**2 + 407*w + 22. Let k(h) = 4*h**2 + 485*h + 21. Let s(a) = 6*d(a) - 5*k(a). Give s(-2).
-15
Let b(y) = y**2 + 30*y + 197. Let c be b(-11). Let g(p) = 4*p + 13. What is g(c)?
-35
Let k(n) = -67*n**2 + 15*n - 12. Let z(u) = 79*u**2 - 15*u + 14. Let w(c) = 7*k(c) + 6*z(c). Determine w(-6).
90
Let f = -6292 - -6294. Let j(b) = b**2 - 5*b + 7. Determine j(f).
1
Let r(p) = -p**2 + 7. Let c(a) = -3*a**2 - 41*a - 120. Let z be c(-9). Calculate r(z).
-29
Let n(s) = -s**3 + 5*s**2 + 3*s + 15. Let z be (-6)/(-21) - -141*31/651. Calculate n(z).
-62
Let m = -12981 + 12986. Let h(u) = u**2 + 30*u - 181. Calculate h(m).
-6
Let y(i) = 2*i**2 - 2*i. Let u be y(2). Let z(r) be the first derivative of r**4/4 - 4*r**3/3 + 2*r**2 + 5*r - 81362. Determine z(u).
21
Let j(o) be the second derivative of 11*o**3/6 + 36*o**2 - 18*o - 12. Give j(-6).
6
Let p(j) = 54. Let c(l) = -l - 381. Let a(f) = -c(f) - 7*p(f). Suppose -2*d - 3*o + 4 = -3*d, -5*d + 5*o = 0. Suppose -d = 5*v + 18. Calculate a(v).
-1
Let b be (-13)/(-6) - (-21)/(-126). Let v be 19 + (b - (-2 + 2)). Let z(f) = 48*f - 21*f - f**2 - 1 - v*f. Calculate z(6).
-1
Let j(m) = -m**2 - 9*m - 8. Let p be (194/(-3))/(-1 - 39/(-45)). Let x = 477 - p. Give j(x).
0
Let y(a) = 0 + 56 - 2*a**3 + 77*a**2 + 17*a**2 + 428*a - 333*a. Give y(48).
8
Let t(n) be the second derivative of n**4/6 - 35*n**3/6 + 17*n**2/2 - n + 12. What is t(17)?
0
Let m(n) = n + 18. Suppose -4*s - 272 = 4*x, -s + 3*s - 4 = 0. Let v(w) = 5*w - 65. Let u be v(-3). Let q = u - x. What is m(q)?
8
Let j(m) = -m**3 - 26*m**2 + 5*m - 7. Let c(b) = -4*b**2 + 5*b - 1. Let s(h) = -4*c(h) + j(h). Determine s(-8).
-11
Suppose 8*o = -65*o - 14*o + 783. Let d(s) = -2*s**2 + 27*s - 94. Calculate d(o).
-13
Let g(a) = -47*a - 384. Let z(c) = -15*c - 137. Let l(r) = 2*g(r) - 7*z(r). Calculate l(-18).
-7
Let s(d) = -d - 1. Let f(l) = -3*l - 2. Let v(h) = 6*f(h) - 15*s(h). Suppose 966 - 1053 = -29*g. Give v(g).
-6
Let s(l) be the second derivative of -l**5/20 - 5*l**4/12 + 5*l**3/3 + 17*l**2/2 + 590*l + 4. Determine s(-6).
-7
Let c(t) = -4 - 686*t + 1359*t - 674*t + 3*t**2. Give c(-4).
48
Let m(p) be the third derivative of -p**5/10 + 15*p**4/8 + p**3 - 32*p**2 - 82*p. What is m(8)?
-18
Let h(g) = -g - 2. Let w be (3 + -7 - 4) + 9. Let d(b) = 2*b - 6. Let p(c) = w*h(c) - d(c). Give p(4).
-8
Suppose 3*z - 3*c + c = -15, 3*c + 10 = -2*z. Let o = 6 + -2. Let w(j) = 3*j**3 - 2*j**3 + o*j**2 - 173*j - 2 + 172*j - 3. Determine w(z).
